{"id":197,"date":"2022-12-28T14:03:31","date_gmt":"2022-12-28T06:03:31","guid":{"rendered":"http:\/\/www.philande.com\/?page_id=197"},"modified":"2023-01-31T16:07:25","modified_gmt":"2023-01-31T08:07:25","slug":"advantage","status":"publish","type":"page","link":"https:\/\/www.philande.com\/index.php\/de\/advantage\/","title":{"rendered":"Vorteil"},"content":{"rendered":"<section class=\"l-section wpb_row height_auto full_height valign_center with_img\"><div class=\"l-section-img\" style=\"background-image: url(https:\/\/www.philande.com\/wp-content\/uploads\/2023\/01\/youshi-scaled.jpg);\" data-img-width=\"2560\" data-img-height=\"1486\"><\/div><div class=\"l-section-h i-cf\"><div class=\"g-cols vc_row via_grid cols_1 laptops-cols_inherit tablets-cols_inherit mobiles-cols_1 valign_top type_default\"><div class=\"wpb_column vc_column_container\"><div class=\"vc_column-inner\"><\/div><\/div><\/div><\/div><\/section><section class=\"l-section wpb_row us_custom_24c1f17b height_auto\"><div class=\"l-section-h i-cf\"><div class=\"g-cols vc_row via_grid cols_1 laptops-cols_inherit tablets-cols_inherit mobiles-cols_1 valign_top type_default\"><div class=\"wpb_column vc_column_container\"><div class=\"vc_column-inner\"><div class=\"wpb_text_column us_custom_a0a38119 us_animate_this\"><div class=\"wpb_wrapper\"><p>Deutsche Filand Group Co., Ltd.<\/p>\n<\/div><\/div><div class=\"w-separator size_custom\" style=\"height:30px\"><\/div><div class=\"wpb_text_column us_custom_8095b8f0 has_text_color us_animate_this\"><div class=\"wpb_wrapper\"><p>&#8220;PHILANDE&#8221; ist eine bekannte Marke im Bereich \u00dcbertragungssysteme in Deutschland, die zur German Philand Group Co., Ltd. geh\u00f6rt.<\/p>\n<p>&#8220;PHILANDE&#8221; nutzt die fortschrittliche Kerntechnologie des deutschen PHILANDE vollst\u00e4ndig aus &#8212; &#8220;Gapless Link passt zum \u00dcbertragungssystem&#8221;, innoviert die Produkte der Reduziererserie, integriert und optimiert die \u00dcbertragungssysteml\u00f6sung und setzt die strengen und anspruchsvollen Produktionsmanagementstandards Deutschlands strikt um PHILANDE. Implementieren Sie den standardisierten Produktionsprozess vollst\u00e4ndig, um die perfekte Pr\u00e4sentation des PHILANDE-Getriebeentwicklungskonzepts zu gew\u00e4hrleisten und qualitativ hochwertige Produkte f\u00fcr globale Benutzer bereitzustellen. Deutsche Technologie treibt die Zukunft! PHILANDE-Getriebe schafft weiterhin Wert f\u00fcr mechanische Ausr\u00fcstung, um eine sicherere, stabilere und effizientere Produktionsleistung zu erzielen.<\/p>\n<\/div><\/div><\/div><\/div><\/div><\/div><\/section><section class=\"l-section wpb_row height_auto\"><div class=\"l-section-h i-cf\"><div class=\"g-cols vc_row via_grid cols_1 laptops-cols_inherit tablets-cols_inherit mobiles-cols_1 valign_top type_default\"><div class=\"wpb_column vc_column_container\"><div class=\"vc_column-inner\"><div class=\"wpb_text_column us_custom_a0a38119 us_animate_this\"><div class=\"wpb_wrapper\"><p>Langlebig \u00b7 Kompakt \u00b7 Pr\u00e4zision<\/p>\n<\/div><\/div><div class=\"w-separator size_custom\" style=\"height:30px\"><\/div><div class=\"g-cols wpb_row via_grid cols_1-2 laptops-cols_inherit tablets-cols_inherit mobiles-cols_1 valign_middle type_default\"><div class=\"wpb_column vc_column_container\"><div class=\"vc_column-inner\"><div class=\"w-image align_none\"><div class=\"w-image-h\"><img loading=\"lazy\" decoding=\"async\" width=\"468\" height=\"400\" src=\"https:\/\/www.philande.com\/wp-content\/uploads\/2022\/12\/chanpin.jpg\" class=\"attachment-large size-large\" alt=\"\" srcset=\"https:\/\/www.philande.com\/wp-content\/uploads\/2022\/12\/chanpin.jpg 468w, https:\/\/www.philande.com\/wp-content\/uploads\/2022\/12\/chanpin-300x256.jpg 300w\" sizes=\"auto, (max-width: 468px) 100vw, 468px\" \/><\/div><\/div><\/div><\/div><div class=\"wpb_column vc_column_container\"><div class=\"vc_column-inner\"><div class=\"w-separator size_custom\" style=\"height:30px\"><\/div><div class=\"wpb_text_column us_custom_8095b8f0 has_text_color us_animate_this\"><div class=\"wpb_wrapper\"><p>Da die Gesellschaft eine h\u00f6here Nutzung von Ressourcen, Raum und Zeit f\u00fcr eine industrialisierte Produktion vorschl\u00e4gt, m\u00fcssen Antriebskomponenten als Kernkomponenten in automatisierten Produktionssystemen st\u00e4ndig langlebiger, kleiner und pr\u00e4ziser im Ansprechverhalten sein.<\/p>\n<p>Philand legt gro\u00dfen Wert auf die Anwendung von Antriebskomponenten in der modernen Fertigungsindustrie und setzt sich daf\u00fcr ein, langlebigere Rohstoffe auszuw\u00e4hlen, um die Bewegungsgenauigkeit der Produkte kontinuierlich zu verbessern.<\/p>\n<p>Das Untersetzungsgetriebe der H-Serie bietet maximale Leistungsdichte, Bewegungspr\u00e4zision und Zuverl\u00e4ssigkeit, das Untersetzungsgetriebe der P-Serie kann maximale Leistungsdichte und Zuverl\u00e4ssigkeit erreichen, das Untersetzungsgetriebe der S-Serie hat eine kompakte Struktur und eignet sich f\u00fcr effiziente und wirtschaftliche Anwendungen.<\/p>\n<p>In den Bereichen Laserschneiden, Flexodruck, Hochgeschwindigkeitsstanzen, Metallgravur, Logistiksortierung, Solar-Photovoltaik und anderen Branchen kann Philand zuverl\u00e4ssige und energiesparende Pr\u00e4zisionsgetriebemotorl\u00f6sungen anbieten.<\/p>\n<\/div><\/div><div class=\"w-separator size_custom\" style=\"height:30px\"><\/div><\/div><\/div><\/div><\/div><\/div><\/div><\/div><\/section>\n","protected":false},"excerpt":{"rendered":"Deutsche Filand Group Co., Ltd. &#8220;PHILANDE&#8221; ...","protected":false},"author":1,"featured_media":0,"parent":0,"menu_order":0,"comment_status":"closed","ping_status":"closed","template":"","meta":{"footnotes":""},"class_list":["post-197","page","type-page","status-publish","hentry"],"lang":"de","translations":{"de":197,"en":196,"zh":51},"pll_sync_post":[],"_links":{"self":[{"href":"https:\/\/www.philande.com\/index.php\/wp-json\/wp\/v2\/pages\/197","targetHints":{"allow":["GET"]}}],"collection":[{"href":"https:\/\/www.philande.com\/index.php\/wp-json\/wp\/v2\/pages"}],"about":[{"href":"https:\/\/www.philande.com\/index.php\/wp-json\/wp\/v2\/types\/page"}],"author":[{"embeddable":true,"href":"https:\/\/www.philande.com\/index.php\/wp-json\/wp\/v2\/users\/1"}],"replies":[{"embeddable":true,"href":"https:\/\/www.philande.com\/index.php\/wp-json\/wp\/v2\/comments?post=197"}],"version-history":[{"count":0,"href":"https:\/\/www.philande.com\/index.php\/wp-json\/wp\/v2\/pages\/197\/revisions"}],"wp:attachment":[{"href":"https:\/\/www.philande.com\/index.php\/wp-json\/wp\/v2\/media?parent=197"}],"curies":[{"name":"wp","href":"https:\/\/api.w.org\/{rel}","templated":true}]}}